n 1079 is divided by 36.
35
What is the remainder when 240 is divided by 31?
23
What is the remainder when 62 is divided by 18?
8
What is the remainder when 40 is divided by 15?
10
Calculate the remainder when 1076 is divided by 47.
42
What is the remainder when 430 is divided by 87?
82
Calculate the remainder when 117 is divided by 50.
17
What is the remainder when 400 is divided by 70?
50
What is the remainder when 170 is divided by 101?
69
Calculate the remainder when 145 is divided by 49.
47
What is the remainder when 255 is divided by 224?
31
Calculate the remainder when 203 is divided by 39.
8
Calculate the remainder when 7995 is divided by 258.
255
Calculate the remainder when 197 is divided by 93.
11
Calculate the remainder when 97 is divided by 13.
6
What is the remainder when 82270 is divided by 32?
30
What is the remainder when 2334 is divided by 1114?
106
Calculate the remainder when 340 is divided by 69.
64
Calculate the remainder when 30 is divided by 7.
2
Calculate the remainder when 999 is divided by 480.
39
Calculate the remainder when 5301 is divided by 660.
21
What is the remainder when 251 is divided by 84?
83
What is the remainder when 1220 is divided by 68?
64
What is the remainder when 181 is divided by 31?
26
Calculate the remainder when 130 is divided by 89.
41
What is the remainder when 668 is divided by 45?
38
What is the remainder when 368 is divided by 119?
11
Calculate the remainder when 7177 is divided by 97.
96
Calculate the remainder when 64 is divided by 8.
0
What is the remainder when 320 is divided by 268?
52
What is the remainder when 3671 is divided by 915?
11
Calculate the remainder when 10 is divided by 6.
4
Calculate the remainder when 101 is divided by 26.
23
What is the remainder when 150 is divided by 28?
10
What is the remainder when 193 is divided by 19?
3
Calculate the remainder when 48 is divided by 24.
0
Calculate the remainder when 5307 is divided by 47.
43
What is the remainder when 43 is divided by 8?
3
Calculate the remainder when 347 is divided by 86.
3
What is the remainder when 330 is divided by 5?
0
What is the remainder when 199 is divided by 20?
19
What is the remainder when 82 is divided by 19?
6
Calculate the remainder when 167 is divided by 7.
6
Calculate the remainder when 4290 is divided by 113.
109
What is the remainder when 18047 is divided by 38?
35
What is the remainder when 7473 is divided by 101?
100
What is the remainder when 53 is divided by 42?
11
Calculate the remainder when 697 is divided by 11.
4
What is the remainder when 1107 is divided by 62?
53
What is the remainder when 198 is divided by 48?
6
Calculate the remainder when 170 is divided by 158.
12
Calculate the remainder when 2064 is divided by 23.
17
Calculate the remainder when 36862 is divided by 128.
126
Calculate the remainder when 1693 is divided by 11.
10
Calculate the remainder when 221 is divided by 26.
13
Calculate the remainder when 334 is divided by 14.
12
What is the remainder when 345 is divided by 89?
78
Calculate the remainder when 352 is divided by 92.
76
Calculate the remainder when 119 is divided by 60.
59
Calculate the remainder when 1928 is divided by 635.
23
What is the remainder when 76 is divided by 10?
6
What is the remainder when 22 is divided by 19?
3
Calculate the remainder when 127 is divided by 43.
41
Calculate the remainder when 22 is divided by 8.
6
What is the remainder when 386 is divided by 65?
61
What is the remainder when 332 is divided by 26?
20
What is the remainder when 158 is divided by 9?
5
What is the remainder when 650 is divided by 14?
6
Calculate the remainder when 228 is divided by 48.
36
Calculate the remainder when 164 is divided by 63.
38
What is the remainder when 34 is divided by 21?
13
What is the remainder when 1997 is divided by 125?
122
What is the remainder when 356 is divided by 51?
50
What is the remainder when 1994 is divided by 28?
6
What is the remainder when 1606 is divided by 14?
10
What is the remainder when 1353 is divided by 113?
110
What is the remainder when 1224 is divided by 1204?
20
Calculate the remainder when 1041 is divided by 87.
84
Calculate the remainder when 539 is divided by 91.
84
Calculate the remainder when 535 is divided by 135.
130
Calculate the remainder when 319 is divided by 107.
105
Calculate the remainder when 427 is divided by 94.
51
Calculate the remainder when 410 is divided by 29.
4
What is the remainder when 326 is divided by 96?
38
Calculate the remainder when 2470 is divided by 354.
346
What is the remainder when 3526 is divided by 34?
24
What is the remainder when 195 is divided by 21?
6
What is the remainder when 103 is divided by 55?
48
Calculate the remainder when 861 is divided by 27.
24
What is the remainder when 94 is divided by 16?
14
Calculate the remainder when 7199 is divided by 288.
287
Calculate the remainder when 526 is divided by 132.
130
Calculate the remainder when 74 is divided by 20.
14
Calculate the remainder when 11387 is divided by 6.
5
What is the remainder when 272 is divided by 56?
48
Calculate the remainder when 1150 is divided by 53.
37
What is the remainder when 1322 is divided by 656?
10
Calculate the remainder when 62 is divided by 47.
15
Calculate the remainder when 433 is divided by 63.
55
What is the remainder when 242 is divided by 25?
17
Calculate the remainder when 31976 is divided by 12.
8
What is the remainder when 1777 is divided by 137?
133
What is the remainder when 152 is divided by 17?
16
Calculate the remainder when 675 is divided by 62.
55
Calculate the remainder when 59498 is divided by 250.
248
What is the remainder when 929 is divided by 309?
2
What is the remainder when 5567 is divided by 45?
32
What is the remainder when 752 is divided by 17?
4
Calculate the remainder when 53 is divided by 2.
1
What is the remainder when 726 is divided by 12?
6
What is the remainder when 1399 is divided by 461?
16
Calculate the remainder when 177 is divided by 7.
2
What is the remainder when 198 is divided by 100?
98
Calculate the remainder when 125 is divided by 11.
4
Calculate the remainder when 954 is divided by 55.
19
Calculate the remainder when 372 is divided by 355.
17
What is the remainder when 376 is divided by 337?
39
What is the remainder when 120 is divided by 37?
9
What is the remainder when 75 is divided by 4?
3
What is the remainder when 131 is divided by 23?
16
What is the remainder when 1077 is divided by 155?
147
What is the remainder when 3777 is divided by 42?
39
Calculate the remainder when 320 is divided by 46.
44
Calculate the remainder when 297 is divided by 38.
31
What is the remainder when 426 is divided by 27?
21
What is the remainder when 468 is divided by 235?
233
What is the remainder when 364 is divided by 75?
64
What is the remainder when 271 is divided by 47?
36
What is the remainder when 95 is divided by 18?
5
What is the remainder when 258 is divided by 65?
63
Calculate the remainder when 2228 is divided by 31.
27
What is the remainder when 284 is divided by 17?
12
What is the remainder when 2746 is divided by 50?
46
Calculate the remainder when 423 is divided by 91.
59
Calculate the remainder when 433 is divided by 209.
15
Calculate the remainder when 465 is divided by 10.
5
Calculate the remainder when 612 is divided by 296.
20
What is the remainder when 1024 is divided by 203?
9
Calculate the remainder when 1700 is divided by 31.
26
What is the remainder when 769 is divided by 4?
1
Calculate the remainder when 58 is divided by 16.
10
Calculate the remainder when 203 is divided by 90.
23
Calculate the remainder when 351 is divided by 118.
115
Calculate the remainder when 183 is divided by 78.
27
Calculate the remainder when 80 is divided by 14.
10
Calculate the remainder when 627 is divided by 330.
297
What is the remainder when 619 is divided by 208?
203
What is the remainder when 203 is divided by 70?
63
Calculate the remainder when 1571 is divided by 11.
9
What is the remainder when 74 is divided by 68?
6
What is the remainder when 51 is divided by 16?
3
What is the remainder when 440 is divided by 174?
92
Calculate the remainder when 97 is divided by 50.
47
What is the remainder when 129 is divided by 27?
21
What is the remainder when 3139 i